.
23
Suppose k + 185 = 6*k. List the prime factors of k.
37
Let t(h) = 3*h + 7. What are the prime factors of t(3)?
2
Let q = -56 - -131. What are the prime factors of q?
3, 5
Let f(b) = b + 2. Let d be f(0). Let l be (-5)/(5/d) - -29. Suppose -2*v - 27 = -3*g, 2*g + g + 5*v = l. List the prime factors of g.
3
Let w(y) = -3*y + 0*y**2 + y**2 - 9*y. What are the prime factors of w(13)?
13
Let l = 17 + -6. List the prime factors of l.
11
Let r(v) = v. Let b be r(2). Let s(n) = -14*n**3. Let c be s(-1). Suppose 3*k + b = c. What are the prime factors of k?
2
Suppose 0 = -0*h + 2*h. Suppose y - 23 = -2*c - h*c, -3*c = y - 22. Suppose -3*r + y = 5*p, -2*r + 2*p + 19 = 3*p. List the prime factors of r.
2, 5
Suppose 2*l = 5*d - 12, -5*l + 13 = -3*d + 5. Suppose -6 = -u + j, 2*u + j - l*j = 8. List the prime factors of u.
2, 5
Suppose 0 = 2*u + 4*f - 0 - 6, -4*u - 27 = -5*f. List the prime factors of 9*-2*1/u.
2, 3
Suppose j - 3*x - 13 = 0, -j - x = 4*x + 19. Let r = j - -11. List the prime factors of r.
2, 3
Suppose -4*z - 30 = -586. What are the prime factors of z?
139
Suppose -5*q - 2*v = -0*v - 72, v = 2*q - 36. What are the prime factors of q?
2
Let z = 24 - -1. List the prime factors of z.
5
Let p(y) = -6*y**3 - 2*y**2 - y. Let a be p(-1). Suppose 2*s + 106 = -3*b - 0*s, -10 = a*s. What are the prime factors of b/(-4) - (-8)/(-16)?
2
Let w be ((2 + -2)/2)/2. Suppose -20 = -4*x - w*x, 5*v = 3*x. What are the prime factors of v?
3
Suppose 175 = 9*c - 4*c - 3*v, -5*c - 4*v + 175 = 0. What are the prime factors of c?
5, 7
Let c = -11 + 138. What are the prime factors of c?
127
Let r(f) = 6*f**2 - f. Let p be r(1). Let y(j) = -j**2 + 5*j + 5. Let v be y(p). Suppose v*s + 4*h - 19 = 0, 0*s - 5*h + 1 = 3*s. List the prime factors of s.
7
Let s = 41 + -15. What are the prime factors of s?
2, 13
Let w = 1 + 1. Let b(d) be the second derivative of -d**5/20 + d**4/6 + d**3/6 + d**2/2 - 4*d. What are the prime factors of b(w)?
3
Suppose 188 = 8*j - 556. What are the prime factors of j?
3, 31
Let l(m) = -m**2 + 9*m + 2. Suppose -a - 2*a + 27 = 0. Let t be l(a). Let w(i) = 6*i - 1. List the prime factors of w(t).
11
Let c(j) = -j. Suppose -4*v - v + 31 = -3*o, 3*v - 23 = 4*o. Let s be c(o). List the prime factors of (-5 + s)*-1 + 1.
2
Suppose -5*y = -y. List the prime factors of (-2 - -21) + y + -2.
17
Let q(h) = 4*h + 2. List the prime factors of q(2).
2, 5
Let t(c) = 0*c + 2*c - 4*c + 2*c**3 - c**3. Let k be t(2). Suppose k*l - 23 = 17. List the prime factors of l.
2, 5
Let z = 6 - 3. Suppose y - 25 = -3*w, z*w + 2*w - 37 = -4*y. Let f(o) = o**2 - 10*o + 11. List the prime factors of f(w).
2
Let d(h) = -h**3 + 7*h**2 - 4*h. Let x(s) = -2*s**3 + 14*s**2 - 9*s + 1. Let z(q) = 5*d(q) - 3*x(q). What are the prime factors of z(6)?
3
Suppose 4*p - 4 - 36 = 0. Let l be (3/(-5))/((-2)/p). List the prime factors of (28/(-6))/((-2)/l).
7
Let q = -25 - -11. Let k = 6 - q. List the prime factors of k.
2, 5
Let j(y) = -y**2 - 9*y - 2. Let t be j(-8). Let u(k) = 16*k + 6. Let l(f) = -11*f - 4. Let a(s) = 7*l(s) + 5*u(s). List the prime factors of a(t).
2, 5
Suppose -4*q - 22 - 6 = 0. Let x = -3 - q. Suppose 2 = x*u + 3*l - 0, -10 = 5*l. List the prime factors of u.
2
Let q be -1*(1*-15 + 3). Let d be 3*7*(-8)/q. What are the prime factors of (1 - d)/(3 + -2)?
3, 5
Suppose 4*x - 26 = 2*b - 0*b, 0 = 4*x - 16. List the prime factors of b/(2/4*-1).
2, 5
Let m(c) be the third derivative of -c**6/120 - c**5/15 - c**4/24 - c**3/3 + 2*c**2. Let u = -10 + 6. What are the prime factors of m(u)?
2
Let h(l) be the second derivative of l**4/12 - 5*l**3/3 + 6*l**2 - 2*l. List the prime factors of h(9).
3
Suppose -93 = 2*p - 5*a, 6*a + 85 = -2*p + 3*a. Let g = p + 76. What are the prime factors of g?
2
Let f = 3 + 1. Suppose 0 = f*w - 57 - 11. List the prime factors of w.
17
Let r(c) = -c**3 - 9*c**2 - 5*c - 21. List the prime factors of r(-9).
2, 3
List the prime factors of 2/10 + (-162)/(-15).
11
List the prime factors of (-4)/(-18) - (-2651)/99.
3
Suppose -5*x - 8 = 2. What are the prime factors of x/(-9) + 150/54?
3
Let z = 21 + 20. What are the prime factors of z?
41
List the prime factors of (2/(-6))/(8/(-5304)).
13, 17
Let g(x) be the third derivative of 13*x**6/60 - x**3/6 + 2*x**2. List the prime factors of g(1).
5
List the prime factors of (-2)/(-5) + 6/(-15)*-249.
2, 5
Let v(c) = -c**3 + 5*c**2 + 3*c - 10. List the prime factors of v(4).
2, 3
Suppose -w + 5*b = -225 + 43, -3*b = 3*w - 564. List the prime factors of w.
11, 17
Let s be 4*(-4 - -3) + -3. Let r = s - -22. List the prime factors of r.
3, 5
Let b(g) = g**3 + 8*g**2 + 8*g + 9. Let q be b(-7). Suppose q*c - 3 + 5 = 0. What are the prime factors of c*-15*(-2)/(-3)?
2, 5
Let l(d) = 6*d - 1. Let a(k) = 17*k - 2. Let r(i) = 4*a(i) - 11*l(i). List the prime factors of r(3).
3
Let u = -2 - -16. What are the prime factors of u?
2, 7
Suppose -2*k = 3*k. Suppose 4*f - 8*f + 68 = k. What are the prime factors of f?
17
Let c(r) = 4*r**2 + 12*r - 13. What are the prime factors of c(-8)?
3, 7
Suppose 5*g + 3*x + 10 = -x, -g - 8 = 2*x. Suppose 0 = 5*y - r + 61, -9 = -y + g*y + 3*r. List the prime factors of (-37)/(-4) + 3/y.
3
Suppose -2*d = -3*d + 6. Suppose -3*j + 0*j + 20 = x, j + 4 = x. Suppose x = g - d. What are the prime factors of g?
2, 7
Let l(y) = y**3 + 5*y**2 + 4. Let c be l(-5). What are the prime factors of (c - 3)/(3/66)?
2, 11
Let c = -6 - -21. What are the prime factors of c - (2 + 1 + -3)?
3, 5
Let v(o) = -o**2 + 6*o - 5. Let z be v(4). Suppose 3*l - 9 = z. What are the prime factors of l?
2
Suppose 210 = 2*q + 198. List the prime factors of q.
2, 3
Suppose 5*z + c - 185 = -4*c, 5*z - 178 = 2*c. List the prime factors of z.
2, 3
Let l be -4 - (-1)/(1/(-2)). What are the prime factors of l/((27/6)/(-3))?
2
Let p(w) = 3*w**3 - 2*w**2 - 10*w + 4. What are the prime factors of p(4)?
2, 31
Suppose -5*y + 142 = 52. What are the prime factors of y?
2, 3
Let r = 13 + -13. Let s(u) = u**3 - 2*u**2 + 3*u + 4. Let a be s(3). Suppose -w + a = -r*w. List the prime factors of w.
2, 11
Suppose -5*r - 42 = -3*k, -3*k - k + 46 = -5*r. What are the prime factors of 2/r*(-7 + -26)?
11
What are the prime factors of -1 - (-78)/(-9)*-12?
103
Let z(q) = 0 - 2*q**3 + 4*q**3 - 2 + q - q**3. List the prime factors of z(2).
2
Let b be (-1)/(-2) + (-2)/4. Suppose -3*t + 42 = 3*v, t + b*t - 5*v - 38 = 0. List the prime factors of t.
2, 3
Let b(z) = -z**2 + 4. Let h(a) = 5*a**2 - a - 21. Let v(x) = 11*b(x) + 2*h(x). List the prime factors of v(-2).
2
Suppose 4*y + 24 = 2*q, -5*q + 36 = -2*q + 3*y. Suppose -q = -w - w. List the prime factors of w.
2, 3
Let t = 17 - 69. Let h = -32 - t. List the prime factors of h.
2, 5
Let q(n) be the second derivative of n**4/12 + 7*n**3/6 + 9*n**2/2 + n. Let r be (-1)/(-1)*(-2 - 5). What are the prime factors of q(r)?
3
Suppose -4*h - 19 = -2*h + 3*j, 4*j = h - 7. Let r be ((-4)/2)/(h - -3). What are the prime factors of (r + 5)/((-12)/(-8))?
2
Suppose -4*d - 4*x + 81 = -7, -3*x = 12. List the prime factors of d.
2, 13
Suppose 60 = -l + 5*l. Let v = l - -7. List the prime factors of v.
2, 11
What are the prime factors of -2*(-5)/(-20)*410/(-1)?
5, 41
Let j(p) = -7*p + 0*p**3 + 6*p**2 + p**3 + 5*p - 2. List the prime factors of j(-5).
3, 11
Suppose -4*v = 4*b - 252, -3*v - v + 252 = -4*b. What are the prime factors of v?
3, 7
Suppose 0 = 5*z - c - 12, 0 = 4*z + 5*c - 5 - 22. Suppose -3*m + 0*s = -z*s - 45, -m = 4*s + 5. What are the prime factors of m?
11
Let i = 39 - 21. Suppose -4*n + 7*n - i = 0. What are the prime factors of n?
2, 3
What are the prime factors of (18/8)/((-72)/(-480))?
3, 5
Let a(m) = -m**3 + 7*m**2 + 9*m - 4. Let o be a(8). Suppose 0 = 3*f - 5*f + o. Suppose -u - 3*x = -4*u + 21, -4*u + 40 = f*x. What are the prime factors of u?
3
Let o be ((-24)/(-16))/(6/8). Suppose 3 + 5 = o*j. What are the prime factors of j?
2
Let o(b) = b**2 - b. Let c(h) = -4*h**2 - 3*h + 6. Let p(m) = -c(m) - 3*o(m). Let i be p(-6). List the prime factors of 618/36 + 1/i.
17
Let x(p) = 3*p + 7. Let n(f) = -6*f - 13. Let c(v) = -6*n(v) - 11*x(v). Let b = -3 + 6. List the prime factors of c(b).
2, 5
Let p = 2 + -3. Let m be p/(1*1/(-13)). Let y = m - 1. List the prime factors of y.
2, 3
Let q = 19 - -1. Suppos